{"id":49,"date":"2022-01-06T21:17:19","date_gmt":"2022-01-06T20:17:19","guid":{"rendered":"http:\/\/atelierdelaforetdehez.fr\/?page_id=49"},"modified":"2024-10-18T19:39:53","modified_gmt":"2024-10-18T17:39:53","slug":"brouillon-auto","status":"publish","type":"page","link":"https:\/\/atelierdelaforetdehez.fr\/","title":{"rendered":""},"content":{"rendered":"<div class=\"vce-row-container\" data-vce-boxed-width=\"true\"><div class=\"vce-row vce-row--col-gap-30 vce-row-equal-height vce-row-content--top\" id=\"el-6559ac06\" data-vce-do-apply=\"all el-6559ac06\"><div class=\"vce-content-background-container\"><\/div><div class=\"vce-row-content\" data-vce-element-content=\"true\"><div class=\"vce-col vce-col--md-auto vce-col--xs-1 vce-col--xs-last vce-col--xs-first vce-col--sm-last vce-col--sm-first vce-col--md-last vce-col--lg-last vce-col--xl-last vce-col--md-first vce-col--lg-first vce-col--xl-first\" id=\"el-80221f10\"><div class=\"vce-col-inner\" data-vce-do-apply=\"border margin background  el-80221f10\"><div class=\"vce-content-background-container\"><\/div><div class=\"vce-col-content\" data-vce-element-content=\"true\" data-vce-do-apply=\"padding el-80221f10\"><section class=\"vce-hero-section-container vce-hero-section-media--xs vce-hero-section-media--sm vce-hero-section-media--md vce-hero-section-media--lg\"><div class=\"vce vce-hero-section\" id=\"el-9d0c4c74\" data-vce-do-apply=\"margin background border  el-9d0c4c74\"><div class=\"vce-hero-section--wrap-row vce-hero-section--background-position-center-center\" style=\"background-image: url('https:\/\/atelierdelaforetdehez.fr\/wp-content\/uploads\/2022\/01\/162398830_197588152167400_5590759714553730822_n-e1641554838323.png');\"><div class=\"vce-hero-section--wrap\"><div class=\"vce-hero-section--content\" data-vce-do-apply=\"padding el-9d0c4c74\"><div class=\"vce-hero-section--content-container\"><h1><span style=\"font-size: 32px;\"><b>&nbsp;<\/b><\/span><\/h1><p>&nbsp;<\/p><p><span style=\"font-size: 13.3333px;\">&nbsp;<\/span><br><span style=\"font-size: 13.3333px;\">&nbsp;<\/span><\/p><\/div><\/div><\/div><\/div><\/div><\/section><div class=\"vce-text-block\"><div class=\"vce-text-block-wrapper vce\" id=\"el-b4c4fe8c\" data-vce-do-apply=\"all el-b4c4fe8c\"><p class=\"MsoNormal\" style=\"text-align: center;\"><span style=\"font-family: 'Libre Baskerville';\">&nbsp; &nbsp; &nbsp; &nbsp; &nbsp; &nbsp; <\/span><span style=\"font-family: 'Libre Baskerville';\"><span style=\"font-size: 14pt;\"><span style=\"font-weight: 400; font-style: normal;\">Quentin DEMONT, artisan armurier dipl\u00f4m\u00e9 de l\u2019\u00e9cole d\u2019armurerie de Li\u00e8ge, passionn\u00e9 par la chasse et le tir sportif.&nbsp;<\/span><\/span><\/span><\/p>\n<p class=\"MsoNormal\" style=\"text-align: center;\"><span style=\"font-family: 'Libre Baskerville'; font-weight: 400; font-style: normal; font-size: 14pt;\">Bas\u00e9 dans l'Oise, \u00e0 La Neuville-en-Hez, proche de Beauvais et Clermont, je vous propose au sein de mon atelier des services de r\u00e9parations, vente d'armes de chasse et tir, ainsi que des conseils sur les d\u00e9marches administratives. <\/span><\/p>\n<p class=\"MsoNormal\" style=\"text-align: center;\"><span style=\"font-family: 'Libre Baskerville'; font-weight: 400; font-style: normal; font-size: 14pt;\">Agr\u00e9\u00e9 pour toutes les cat\u00e9gories d\u2019armes, je vous accompagne pour des expertises de valeur et de classement, comme pour les ventes entre particuliers. <\/span><\/p>\n<p class=\"MsoNormal\" style=\"text-align: center;\"><span style=\"font-family: 'Libre Baskerville'; font-weight: 400; font-style: normal; font-size: 14pt;\">Mon exp\u00e9rience en tir sportif et ball-trap me permet de vous conseiller selon vos besoins.<\/span><\/p>\n<p style=\"text-align: center;\"><span style=\"font-family: 'Libre Baskerville'; font-weight: 400; font-style: normal; font-size: 14pt;\">N\u2019h\u00e9sitez pas \u00e0 me contacter pour plus d\u2019informations.&nbsp;<\/span><\/p><\/div><\/div><div class=\"vce-button--style-basic-container vce-button--style-basic-container--align-center\"><span class=\"vce-button--style-basic-wrapper vce\" id=\"el-2022987b\" data-vce-do-apply=\"margin el-2022987b\"><a class=\"vce-button vce-button--style-basic vce-button--style-basic--border-square vce-button--style-basic--size-medium vce-button--style-basic--color-b-23-27-26--fff\" href=\"https:\/\/atelierdelaforetdehez.fr\/?page_id=290\" title=\"Voir la Boutique\" data-vce-do-apply=\"padding border background  el-2022987b\">Voir la Boutique<\/a><\/span><\/div><div class=\"vce-button--style-basic-container vce-button--style-basic-container--align-center\"><span class=\"vce-button--style-basic-wrapper vce\" id=\"el-3e2ce66e\" data-vce-do-apply=\"margin el-3e2ce66e\"><a class=\"vce-button vce-button--style-basic vce-button--style-basic--border-square vce-button--style-basic--size-medium vce-button--style-basic--color-b-23-27-26--fff\" href=\"http:\/\/atelierdelaforetdehez.fr\/?page_id=118\" title=\"Contactez-nous\" data-vce-do-apply=\"padding border background  el-3e2ce66e\">Contactez-nous<\/a><\/span><\/div><div class=\"vce vce-separator-container vce-separator--align-center vce-separator--style-solid\" id=\"el-43de8f29\" data-vce-do-apply=\"margin el-43de8f29\"><div class=\"vce-separator vce-separator--color-bfc0c1 vce-separator--width-60 vce-separator--thickness-1\" data-vce-do-apply=\"border padding background  el-43de8f29\"><\/div><\/div><\/div><\/div><\/div><\/div><\/div><\/div><div class=\"vce-row-container\" data-vce-boxed-width=\"true\"><div class=\"vce-row vce-row--col-gap-30 vce-row-equal-height vce-row-content--top\" id=\"el-1e55de6b\" data-vce-do-apply=\"all el-1e55de6b\"><div class=\"vce-row-content\" data-vce-element-content=\"true\"><div class=\"vce-col vce-col--md-auto vce-col--xs-1 vce-col--xs-last vce-col--xs-first vce-col--sm-last vce-col--sm-first vce-col--md-last vce-col--lg-last vce-col--xl-last vce-col--md-first vce-col--lg-first vce-col--xl-first\" id=\"el-7a4bc0a4\"><div class=\"vce-col-inner\" data-vce-do-apply=\"border margin background  el-7a4bc0a4\"><div class=\"vce-col-content\" data-vce-element-content=\"true\" data-vce-do-apply=\"padding el-7a4bc0a4\"><div class=\"vce-text-block\"><div class=\"vce-text-block-wrapper vce\" id=\"el-ee9def67\" data-vce-do-apply=\"all el-ee9def67\"><h2 style=\"text-align: center;\"><span style=\"font-family: 'Libre Baskerville';\">Uniquement sur Rendez-vous<\/span><\/h2><p style=\"text-align: center;\"><span style=\"font-family: 'Libre Baskerville';\"><img decoding=\"async\" class=\"emoji\" role=\"img\" draggable=\"false\" src=\"https:\/\/s.w.org\/images\/core\/emoji\/13.1.0\/svg\/2709.svg\" alt=\"\u2709\"> Adresse : 14 Rue du clos \u00e0 boeuf <a href=\"https:\/\/www.google.com\/maps\/place\/Atelier+de+la+For%C3%AAt+de+Hez\/@49.4033998,2.3290515,17z\/data=!3m1!4b1!4m6!3m5!1s0x5198088033c561d:0xe2894b3953d70c1f!8m2!3d49.4033998!4d2.3290515!16s%2Fg%2F11t0rkv8fx?entry=ttu&amp;g_ep=EgoyMDI0MTAwOC4wIKXMDSoASAFQAw%3D%3D\" target=\"_blank\" rel=\"noopener\">60510 LA NEUVILLE-EN-HEZ<\/a><\/span><\/p><p style=\"text-align: center;\"><span style=\"font-family: 'Libre Baskerville';\"><img decoding=\"async\" class=\"emoji\" role=\"img\" draggable=\"false\" src=\"https:\/\/s.w.org\/images\/core\/emoji\/13.1.0\/svg\/1f4e7.svg\" alt=\"\ud83d\udce7\"> Mail : afh<span style=\"font-size: 12pt;\">60510<\/span>@gmail.com<\/span><\/p><p style=\"text-align: center;\"><span style=\"font-family: 'Libre Baskerville';\"><img decoding=\"async\" class=\"emoji\" role=\"img\" draggable=\"false\" src=\"https:\/\/s.w.org\/images\/core\/emoji\/13.1.0\/svg\/1f4de.svg\" alt=\"\ud83d\udcde\"> T\u00e9l\u00e9phones : <br>06 48 05 91 02<br>09 51 02 96 00<\/span><\/p><\/div><\/div><\/div><\/div><\/div><\/div><\/div><\/div><div class=\"vce-row-container\" data-vce-boxed-width=\"true\"><div class=\"vce-row vce-row--col-gap-30 vce-row-equal-height vce-row-content--top\" id=\"el-bc5189d3\" data-vce-do-apply=\"all el-bc5189d3\"><div class=\"vce-row-content\" data-vce-element-content=\"true\"><div class=\"vce-col vce-col--md-auto vce-col--xs-1 vce-col--xs-last vce-col--xs-first vce-col--sm-last vce-col--sm-first vce-col--md-last vce-col--lg-last vce-col--xl-last vce-col--md-first vce-col--lg-first vce-col--xl-first\" id=\"el-8bfbf7e7\"><div class=\"vce-col-inner\" data-vce-do-apply=\"border margin background  el-8bfbf7e7\"><div class=\"vce-col-content\" data-vce-element-content=\"true\" data-vce-do-apply=\"padding el-8bfbf7e7\"><div class=\"vce-text-block\"><div class=\"vce-text-block-wrapper vce\" id=\"el-7a476da3\" data-vce-do-apply=\"all el-7a476da3\"><p style=\"text-align: center;\"><a href=\"https:\/\/stores.naturabuy.fr\/chasse-tir-60\/\"><span style=\"font-family: Libre Baskerville;\"><span style=\"font-size: 32px;\">Voir ma Boutique NaturaBuy<\/span><\/span><\/a><\/p><\/div><\/div><\/div><\/div><\/div><\/div><\/div><\/div><div class=\"vce-row-container\" data-vce-boxed-width=\"true\"><div class=\"vce-row vce-row--col-gap-30 vce-row-equal-height vce-row-content--top\" id=\"el-e4f7891c\" data-vce-do-apply=\"all el-e4f7891c\"><div class=\"vce-row-content\" data-vce-element-content=\"true\"><div class=\"vce-col vce-col--md-auto vce-col--xs-1 vce-col--xs-last vce-col--xs-first vce-col--sm-last vce-col--sm-first vce-col--md-first vce-col--lg-first vce-col--xl-first\" id=\"el-6959b054\"><div class=\"vce-col-inner\" data-vce-do-apply=\"border margin background  el-6959b054\"><div class=\"vce-col-content\" data-vce-element-content=\"true\" data-vce-do-apply=\"padding el-6959b054\"><div class=\"vce-single-image-container vce-single-image--align-left\"><div class=\"vce vce-single-image-wrapper\" id=\"el-7d001daf\" data-vce-do-apply=\"all el-7d001daf\"><figure><div class=\"vce-single-image-figure-inner\" style=\"width: 1024px;\"><div class=\"vce-single-image-inner vce-single-image--absolute vce-single-image--border-rounded\" style=\"width: 100%; padding-bottom: 67.0898%;\"><img loading=\"lazy\" decoding=\"async\" class=\"vce-single-image\"  width=\"1024\" height=\"687\" srcset=\"https:\/\/atelierdelaforetdehez.fr\/wp-content\/uploads\/2024\/10\/462231793_1065900651732308_3316244104791169769_n-2-320x215.jpg 320w,https:\/\/atelierdelaforetdehez.fr\/wp-content\/uploads\/2024\/10\/462231793_1065900651732308_3316244104791169769_n-2-480x322.jpg 480w,https:\/\/atelierdelaforetdehez.fr\/wp-content\/uploads\/2024\/10\/462231793_1065900651732308_3316244104791169769_n-2-800x537.jpg 800w,https:\/\/atelierdelaforetdehez.fr\/wp-content\/uploads\/2024\/10\/462231793_1065900651732308_3316244104791169769_n-2-1024x687.jpg 1024w\" src=\"https:\/\/atelierdelaforetdehez.fr\/wp-content\/uploads\/2024\/10\/462231793_1065900651732308_3316244104791169769_n-2-1024x687.jpg\" data-img-src=\"https:\/\/atelierdelaforetdehez.fr\/wp-content\/uploads\/2024\/10\/462231793_1065900651732308_3316244104791169769_n-2.jpg\" alt=\"\" title=\"462231793_1065900651732308_3316244104791169769_n\" \/><\/div><\/div><figcaption hidden=\"\"><\/figcaption><\/figure><\/div><\/div><\/div><\/div><\/div><div class=\"vce-col vce-col--md-auto vce-col--xs-1 vce-col--xs-last vce-col--xs-first vce-col--sm-last vce-col--sm-first vce-col--md-last vce-col--lg-last vce-col--xl-last\" id=\"el-8b073dde\"><div class=\"vce-col-inner\" data-vce-do-apply=\"border margin background  el-8b073dde\"><div class=\"vce-col-content\" data-vce-element-content=\"true\" data-vce-do-apply=\"padding el-8b073dde\"><div class=\"vce-single-image-container vce-single-image--align-left\"><div class=\"vce vce-single-image-wrapper\" id=\"el-da9e93e9\" data-vce-do-apply=\"all el-da9e93e9\"><figure><div class=\"vce-single-image-figure-inner\" style=\"width: 1024px;\"><div class=\"vce-single-image-inner vce-single-image--absolute\" style=\"width: 100%; padding-bottom: 75%;\"><img loading=\"lazy\" decoding=\"async\" class=\"vce-single-image\"  width=\"1024\" height=\"768\" srcset=\"https:\/\/atelierdelaforetdehez.fr\/wp-content\/uploads\/2024\/10\/IMG_E0140-scaled-320x240.jpg 320w,https:\/\/atelierdelaforetdehez.fr\/wp-content\/uploads\/2024\/10\/IMG_E0140-scaled-480x360.jpg 480w,https:\/\/atelierdelaforetdehez.fr\/wp-content\/uploads\/2024\/10\/IMG_E0140-scaled-800x600.jpg 800w,https:\/\/atelierdelaforetdehez.fr\/wp-content\/uploads\/2024\/10\/IMG_E0140-scaled-1024x768.jpg 1024w,https:\/\/atelierdelaforetdehez.fr\/wp-content\/uploads\/2024\/10\/IMG_E0140-scaled-2048x1536.jpg 2x\" src=\"https:\/\/atelierdelaforetdehez.fr\/wp-content\/uploads\/2024\/10\/IMG_E0140-scaled-1024x768.jpg\" data-img-src=\"https:\/\/atelierdelaforetdehez.fr\/wp-content\/uploads\/2022\/06\/IMG_E0140-scaled.jpg\" alt=\"\" title=\"IMG_E0140\" \/><\/div><\/div><figcaption hidden=\"\"><\/figcaption><\/figure><\/div><\/div><\/div><\/div><\/div><\/div><\/div><\/div><div class=\"vce-row-container\" data-vce-boxed-width=\"true\"><div class=\"vce-row vce-row--col-gap-30 vce-row-equal-height vce-row-content--top\" id=\"el-520dd6b3\" data-vce-do-apply=\"all el-520dd6b3\"><div class=\"vce-row-content\" data-vce-element-content=\"true\"><div class=\"vce-col vce-col--md-auto vce-col--xs-1 vce-col--xs-last vce-col--xs-first vce-col--sm-last vce-col--sm-first vce-col--md-last vce-col--lg-last vce-col--xl-last vce-col--md-first vce-col--lg-first vce-col--xl-first\" id=\"el-6172c635\"><div class=\"vce-col-inner\" data-vce-do-apply=\"border margin background  el-6172c635\"><div class=\"vce-col-content\" data-vce-element-content=\"true\" data-vce-do-apply=\"padding el-6172c635\"><div class=\"vce-single-image-container vce-single-image--align-center\"><div class=\"vce vce-single-image-wrapper\" id=\"el-b35a9827\" data-vce-do-apply=\"all el-b35a9827\"><figure><div class=\"vce-single-image-figure-inner\" style=\"width: 785px;\"><div class=\"vce-single-image-inner vce-single-image--absolute\" style=\"width: 100%; padding-bottom: 130.446%;\"><img loading=\"lazy\" decoding=\"async\" class=\"vce-single-image\"  width=\"785\" height=\"1024\" srcset=\"https:\/\/atelierdelaforetdehez.fr\/wp-content\/uploads\/2024\/10\/462231793_999061381909715_6748342597078612577_n-320x417.jpg 320w,https:\/\/atelierdelaforetdehez.fr\/wp-content\/uploads\/2024\/10\/462231793_999061381909715_6748342597078612577_n-480x626.jpg 480w,https:\/\/atelierdelaforetdehez.fr\/wp-content\/uploads\/2024\/10\/462231793_999061381909715_6748342597078612577_n-785x1024.jpg 785w\" src=\"https:\/\/atelierdelaforetdehez.fr\/wp-content\/uploads\/2024\/10\/462231793_999061381909715_6748342597078612577_n-785x1024.jpg\" data-img-src=\"https:\/\/atelierdelaforetdehez.fr\/wp-content\/uploads\/2024\/10\/462231793_999061381909715_6748342597078612577_n.jpg\" alt=\"\" title=\"462231793_999061381909715_6748342597078612577_n\" \/><\/div><\/div><figcaption hidden=\"\"><\/figcaption><\/figure><\/div><\/div><\/div><\/div><\/div><\/div><\/div><\/div>\n","protected":false},"excerpt":{"rendered":"<p>&nbsp;&nbsp;&nbsp;&nbsp;&nbsp; &nbsp; &nbsp; &nbsp; &nbsp; &nbsp; Quentin DEMONT, artisan armurier dipl\u00f4m\u00e9 de l\u2019\u00e9cole d\u2019armurerie de Li\u00e8ge, passionn\u00e9 par la chasse et le tir sportif.&nbsp; Bas\u00e9 dans l&#8217;Oise, \u00e0 La Neuville-en-Hez, proche de Beauvais et Clermont, je vous propose au sein de mon atelier des services de r\u00e9parations, vente d&#8217;armes de chasse et tir, ainsi que [&hellip;]<\/p>\n","protected":false},"author":2,"featured_media":0,"parent":0,"menu_order":0,"comment_status":"closed","ping_status":"closed","template":"template-fullwidth.php","meta":{"footnotes":""},"class_list":["post-49","page","type-page","status-publish","hentry"],"yoast_head":"<!-- This site is optimized with the Yoast SEO plugin v24.3 - https:\/\/yoast.com\/wordpress\/plugins\/seo\/ -->\n<title>Accueil - Atelier de la for\u00eat de Hez<\/title>\n<meta name=\"robots\" content=\"index, follow, max-snippet:-1, max-image-preview:large, max-video-preview:-1\" \/>\n<link rel=\"canonical\" href=\"https:\/\/atelierdelaforetdehez.fr\/\" \/>\n<meta property=\"og:locale\" content=\"fr_FR\" \/>\n<meta property=\"og:type\" content=\"article\" \/>\n<meta property=\"og:title\" content=\"Accueil - Atelier de la for\u00eat de Hez\" \/>\n<meta property=\"og:description\" content=\"&nbsp;&nbsp;&nbsp;&nbsp;&nbsp; &nbsp; &nbsp; &nbsp; &nbsp; &nbsp; Quentin DEMONT, artisan armurier dipl\u00f4m\u00e9 de l\u2019\u00e9cole d\u2019armurerie de Li\u00e8ge, passionn\u00e9 par la chasse et le tir sportif.&nbsp; Bas\u00e9 dans l&#039;Oise, \u00e0 La Neuville-en-Hez, proche de Beauvais et Clermont, je vous propose au sein de mon atelier des services de r\u00e9parations, vente d&#039;armes de chasse et tir, ainsi que [&hellip;]\" \/>\n<meta property=\"og:url\" content=\"https:\/\/atelierdelaforetdehez.fr\/\" \/>\n<meta property=\"og:site_name\" content=\"Atelier de la for\u00eat de Hez\" \/>\n<meta property=\"article:publisher\" content=\"https:\/\/www.facebook.com\/profile.php?id=100057486488270\" \/>\n<meta property=\"article:modified_time\" content=\"2024-10-18T17:39:53+00:00\" \/>\n<meta property=\"og:image\" content=\"https:\/\/s.w.org\/images\/core\/emoji\/13.1.0\/svg\/2709.svg\" \/>\n<meta name=\"twitter:card\" content=\"summary_large_image\" \/>\n<meta name=\"twitter:label1\" content=\"Dur\u00e9e de lecture estim\u00e9e\" \/>\n\t<meta name=\"twitter:data1\" content=\"1 minute\" \/>\n<script type=\"application\/ld+json\" class=\"yoast-schema-graph\">{\"@context\":\"https:\/\/schema.org\",\"@graph\":[{\"@type\":\"WebPage\",\"@id\":\"https:\/\/atelierdelaforetdehez.fr\/\",\"url\":\"https:\/\/atelierdelaforetdehez.fr\/\",\"name\":\"Accueil - Atelier de la for\u00eat de Hez\",\"isPartOf\":{\"@id\":\"https:\/\/atelierdelaforetdehez.fr\/#website\"},\"primaryImageOfPage\":{\"@id\":\"https:\/\/atelierdelaforetdehez.fr\/#primaryimage\"},\"image\":{\"@id\":\"https:\/\/atelierdelaforetdehez.fr\/#primaryimage\"},\"thumbnailUrl\":\"https:\/\/s.w.org\/images\/core\/emoji\/13.1.0\/svg\/2709.svg\",\"datePublished\":\"2022-01-06T20:17:19+00:00\",\"dateModified\":\"2024-10-18T17:39:53+00:00\",\"breadcrumb\":{\"@id\":\"https:\/\/atelierdelaforetdehez.fr\/#breadcrumb\"},\"inLanguage\":\"fr-FR\",\"potentialAction\":[{\"@type\":\"ReadAction\",\"target\":[\"https:\/\/atelierdelaforetdehez.fr\/\"]}]},{\"@type\":\"ImageObject\",\"inLanguage\":\"fr-FR\",\"@id\":\"https:\/\/atelierdelaforetdehez.fr\/#primaryimage\",\"url\":\"https:\/\/s.w.org\/images\/core\/emoji\/13.1.0\/svg\/2709.svg\",\"contentUrl\":\"https:\/\/s.w.org\/images\/core\/emoji\/13.1.0\/svg\/2709.svg\"},{\"@type\":\"BreadcrumbList\",\"@id\":\"https:\/\/atelierdelaforetdehez.fr\/#breadcrumb\",\"itemListElement\":[{\"@type\":\"ListItem\",\"position\":1,\"name\":\"Accueil\",\"item\":\"https:\/\/atelierdelaforetdehez.fr\/\"},{\"@type\":\"ListItem\",\"position\":2,\"name\":\"Accueil\"}]},{\"@type\":\"WebSite\",\"@id\":\"https:\/\/atelierdelaforetdehez.fr\/#website\",\"url\":\"https:\/\/atelierdelaforetdehez.fr\/\",\"name\":\"Atelier de la for\u00eat de Hez\",\"description\":\"Armurerie dans l&#039;Oise\",\"publisher\":{\"@id\":\"https:\/\/atelierdelaforetdehez.fr\/#organization\"},\"potentialAction\":[{\"@type\":\"SearchAction\",\"target\":{\"@type\":\"EntryPoint\",\"urlTemplate\":\"https:\/\/atelierdelaforetdehez.fr\/?s={search_term_string}\"},\"query-input\":{\"@type\":\"PropertyValueSpecification\",\"valueRequired\":true,\"valueName\":\"search_term_string\"}}],\"inLanguage\":\"fr-FR\"},{\"@type\":\"Organization\",\"@id\":\"https:\/\/atelierdelaforetdehez.fr\/#organization\",\"name\":\"Atelier de la For\u00eat de Hez\",\"url\":\"https:\/\/atelierdelaforetdehez.fr\/\",\"logo\":{\"@type\":\"ImageObject\",\"inLanguage\":\"fr-FR\",\"@id\":\"https:\/\/atelierdelaforetdehez.fr\/#\/schema\/logo\/image\/\",\"url\":\"https:\/\/atelierdelaforetdehez.fr\/wp-content\/uploads\/2022\/06\/Capture-e1654441375318.png\",\"contentUrl\":\"https:\/\/atelierdelaforetdehez.fr\/wp-content\/uploads\/2022\/06\/Capture-e1654441375318.png\",\"width\":586,\"height\":588,\"caption\":\"Atelier de la For\u00eat de Hez\"},\"image\":{\"@id\":\"https:\/\/atelierdelaforetdehez.fr\/#\/schema\/logo\/image\/\"},\"sameAs\":[\"https:\/\/www.facebook.com\/profile.php?id=100057486488270\"]}]}<\/script>\n<!-- \/ Yoast SEO plugin. -->","yoast_head_json":{"title":"Accueil - Atelier de la for\u00eat de Hez","robots":{"index":"index","follow":"follow","max-snippet":"max-snippet:-1","max-image-preview":"max-image-preview:large","max-video-preview":"max-video-preview:-1"},"canonical":"https:\/\/atelierdelaforetdehez.fr\/","og_locale":"fr_FR","og_type":"article","og_title":"Accueil - Atelier de la for\u00eat de Hez","og_description":"&nbsp;&nbsp;&nbsp;&nbsp;&nbsp; &nbsp; &nbsp; &nbsp; &nbsp; &nbsp; Quentin DEMONT, artisan armurier dipl\u00f4m\u00e9 de l\u2019\u00e9cole d\u2019armurerie de Li\u00e8ge, passionn\u00e9 par la chasse et le tir sportif.&nbsp; Bas\u00e9 dans l'Oise, \u00e0 La Neuville-en-Hez, proche de Beauvais et Clermont, je vous propose au sein de mon atelier des services de r\u00e9parations, vente d'armes de chasse et tir, ainsi que [&hellip;]","og_url":"https:\/\/atelierdelaforetdehez.fr\/","og_site_name":"Atelier de la for\u00eat de Hez","article_publisher":"https:\/\/www.facebook.com\/profile.php?id=100057486488270","article_modified_time":"2024-10-18T17:39:53+00:00","og_image":[{"url":"https:\/\/s.w.org\/images\/core\/emoji\/13.1.0\/svg\/2709.svg","type":"","width":"","height":""}],"twitter_card":"summary_large_image","twitter_misc":{"Dur\u00e9e de lecture estim\u00e9e":"1 minute"},"schema":{"@context":"https:\/\/schema.org","@graph":[{"@type":"WebPage","@id":"https:\/\/atelierdelaforetdehez.fr\/","url":"https:\/\/atelierdelaforetdehez.fr\/","name":"Accueil - Atelier de la for\u00eat de Hez","isPartOf":{"@id":"https:\/\/atelierdelaforetdehez.fr\/#website"},"primaryImageOfPage":{"@id":"https:\/\/atelierdelaforetdehez.fr\/#primaryimage"},"image":{"@id":"https:\/\/atelierdelaforetdehez.fr\/#primaryimage"},"thumbnailUrl":"https:\/\/s.w.org\/images\/core\/emoji\/13.1.0\/svg\/2709.svg","datePublished":"2022-01-06T20:17:19+00:00","dateModified":"2024-10-18T17:39:53+00:00","breadcrumb":{"@id":"https:\/\/atelierdelaforetdehez.fr\/#breadcrumb"},"inLanguage":"fr-FR","potentialAction":[{"@type":"ReadAction","target":["https:\/\/atelierdelaforetdehez.fr\/"]}]},{"@type":"ImageObject","inLanguage":"fr-FR","@id":"https:\/\/atelierdelaforetdehez.fr\/#primaryimage","url":"https:\/\/s.w.org\/images\/core\/emoji\/13.1.0\/svg\/2709.svg","contentUrl":"https:\/\/s.w.org\/images\/core\/emoji\/13.1.0\/svg\/2709.svg"},{"@type":"BreadcrumbList","@id":"https:\/\/atelierdelaforetdehez.fr\/#breadcrumb","itemListElement":[{"@type":"ListItem","position":1,"name":"Accueil","item":"https:\/\/atelierdelaforetdehez.fr\/"},{"@type":"ListItem","position":2,"name":"Accueil"}]},{"@type":"WebSite","@id":"https:\/\/atelierdelaforetdehez.fr\/#website","url":"https:\/\/atelierdelaforetdehez.fr\/","name":"Atelier de la for\u00eat de Hez","description":"Armurerie dans l&#039;Oise","publisher":{"@id":"https:\/\/atelierdelaforetdehez.fr\/#organization"},"potentialAction":[{"@type":"SearchAction","target":{"@type":"EntryPoint","urlTemplate":"https:\/\/atelierdelaforetdehez.fr\/?s={search_term_string}"},"query-input":{"@type":"PropertyValueSpecification","valueRequired":true,"valueName":"search_term_string"}}],"inLanguage":"fr-FR"},{"@type":"Organization","@id":"https:\/\/atelierdelaforetdehez.fr\/#organization","name":"Atelier de la For\u00eat de Hez","url":"https:\/\/atelierdelaforetdehez.fr\/","logo":{"@type":"ImageObject","inLanguage":"fr-FR","@id":"https:\/\/atelierdelaforetdehez.fr\/#\/schema\/logo\/image\/","url":"https:\/\/atelierdelaforetdehez.fr\/wp-content\/uploads\/2022\/06\/Capture-e1654441375318.png","contentUrl":"https:\/\/atelierdelaforetdehez.fr\/wp-content\/uploads\/2022\/06\/Capture-e1654441375318.png","width":586,"height":588,"caption":"Atelier de la For\u00eat de Hez"},"image":{"@id":"https:\/\/atelierdelaforetdehez.fr\/#\/schema\/logo\/image\/"},"sameAs":["https:\/\/www.facebook.com\/profile.php?id=100057486488270"]}]}},"jetpack_sharing_enabled":true,"_links":{"self":[{"href":"https:\/\/atelierdelaforetdehez.fr\/index.php?rest_route=\/wp\/v2\/pages\/49","targetHints":{"allow":["GET"]}}],"collection":[{"href":"https:\/\/atelierdelaforetdehez.fr\/index.php?rest_route=\/wp\/v2\/pages"}],"about":[{"href":"https:\/\/atelierdelaforetdehez.fr\/index.php?rest_route=\/wp\/v2\/types\/page"}],"author":[{"embeddable":true,"href":"https:\/\/atelierdelaforetdehez.fr\/index.php?rest_route=\/wp\/v2\/users\/2"}],"replies":[{"embeddable":true,"href":"https:\/\/atelierdelaforetdehez.fr\/index.php?rest_route=%2Fwp%2Fv2%2Fcomments&post=49"}],"version-history":[{"count":41,"href":"https:\/\/atelierdelaforetdehez.fr\/index.php?rest_route=\/wp\/v2\/pages\/49\/revisions"}],"predecessor-version":[{"id":922,"href":"https:\/\/atelierdelaforetdehez.fr\/index.php?rest_route=\/wp\/v2\/pages\/49\/revisions\/922"}],"wp:attachment":[{"href":"https:\/\/atelierdelaforetdehez.fr\/index.php?rest_route=%2Fwp%2Fv2%2Fmedia&parent=49"}],"curies":[{"name":"wp","href":"https:\/\/api.w.org\/{rel}","templated":true}]}}