{"id":196,"date":"2022-03-20T18:40:24","date_gmt":"2022-03-20T17:40:24","guid":{"rendered":"http:\/\/atelierdelaforetdehez.fr\/?page_id=196"},"modified":"2024-10-18T19:41:52","modified_gmt":"2024-10-18T17:41:52","slug":"brouillon-auto-3","status":"publish","type":"page","link":"https:\/\/atelierdelaforetdehez.fr\/?page_id=196","title":{"rendered":""},"content":{"rendered":"<div class=\"vce-row-container\" data-vce-boxed-width=\"true\"><div class=\"vce-row vce-row--col-gap-30 vce-row-equal-height vce-row-content--top\" id=\"el-7a2c8f9b\" data-vce-do-apply=\"all el-7a2c8f9b\"><div class=\"vce-row-content\" data-vce-element-content=\"true\"><div class=\"vce-col vce-col--md-auto vce-col--xs-1 vce-col--xs-last vce-col--xs-first vce-col--sm-last vce-col--sm-first vce-col--md-last vce-col--lg-last vce-col--xl-last vce-col--md-first vce-col--lg-first vce-col--xl-first\" id=\"el-60efd72e\"><div class=\"vce-col-inner\" data-vce-do-apply=\"border margin background  el-60efd72e\"><div class=\"vce-col-content\" data-vce-element-content=\"true\" data-vce-do-apply=\"padding el-60efd72e\"><div class=\"vce-text-block\"><div class=\"vce-text-block-wrapper vce\" id=\"el-7de57c4c\" data-vce-do-apply=\"all el-7de57c4c\"><p style=\"text-align: center;\"><span style=\"font-family: 'Libre Baskerville'; font-weight: 400; font-style: normal; font-size: 14pt;\">D\u00e9couvrez l\u2019atelier de Quentin, artisan armurier \u00e0 La Neuville-en-Hez, o\u00f9 passion et savoir-faire se rencontrent.&nbsp;<\/span><\/p>\n<p style=\"text-align: center;\"><span style=\"font-family: 'Libre Baskerville'; font-weight: 400; font-style: normal; font-size: 14pt;\">Je vous propose&nbsp;des services tels que le montage et r\u00e9glage d\u2019optique, r\u00e9parations, remise en \u00e9tat, nettoyage, r\u00e9vision, mise \u00e0 conformit\u00e9, ponc\u00e9-huil\u00e9, bronzage, montage \u00e0 bois, quadrillage et gravure. <\/span><\/p>\n<p style=\"text-align: center;\"><span style=\"font-family: 'Libre Baskerville'; font-weight: 400; font-style: normal; font-size: 14pt;\">Je vous accueille sur rendez vous uniquement pour partager mon expertise en armurerie et vous conseiller sur tous vos besoins techniques.<\/span><\/p>\n<p style=\"text-align: center;\"><span style=\"font-family: 'Libre Baskerville'; font-weight: 400; font-style: normal; font-size: 14pt;\"> Pour toute demande de tarifs, d\u00e9lais ou autre projet, n\u2019h\u00e9sitez pas \u00e0 me contacter.<\/span><\/p>\n<p style=\"line-height: 0.5;\">&nbsp;<\/p><\/div><\/div><\/div><\/div><\/div><\/div><\/div><\/div><div class=\"vce-row-container\" data-vce-boxed-width=\"true\"><div class=\"vce-row vce-row--col-gap-30 vce-row-equal-height vce-row-content--top\" id=\"el-6072bfa2\" data-vce-do-apply=\"all el-6072bfa2\"><div class=\"vce-content-background-container\"><\/div><div class=\"vce-row-content\" data-vce-element-content=\"true\"><div class=\"vce-col vce-col--md-auto vce-col--xs-1 vce-col--xs-last vce-col--xs-first vce-col--sm-last vce-col--sm-first vce-col--md-last vce-col--lg-last vce-col--xl-last vce-col--md-first vce-col--lg-first vce-col--xl-first\" id=\"el-6cb79874\"><div class=\"vce-col-inner\" data-vce-do-apply=\"border margin background  el-6cb79874\"><div class=\"vce-col-content\" data-vce-element-content=\"true\" data-vce-do-apply=\"padding el-6cb79874\"><div class=\"vce-single-image-container vce-single-image--align-center\"><div class=\"vce vce-single-image-wrapper\" id=\"el-d8a4be50\" data-vce-do-apply=\"all el-d8a4be50\"><figure><div class=\"vce-single-image-figure-inner\" style=\"width: 1024px;\"><div class=\"vce-single-image-inner vce-single-image--absolute\" style=\"width: 100%; padding-bottom: 64.3555%;\"><img loading=\"lazy\" decoding=\"async\" class=\"vce-single-image\"  width=\"1024\" height=\"659\" srcset=\"https:\/\/atelierdelaforetdehez.fr\/wp-content\/uploads\/2024\/10\/Capture-decran-2023-08-11-113057-320x206.png 320w,https:\/\/atelierdelaforetdehez.fr\/wp-content\/uploads\/2024\/10\/Capture-decran-2023-08-11-113057-480x309.png 480w,https:\/\/atelierdelaforetdehez.fr\/wp-content\/uploads\/2024\/10\/Capture-decran-2023-08-11-113057-800x515.png 800w,https:\/\/atelierdelaforetdehez.fr\/wp-content\/uploads\/2024\/10\/Capture-decran-2023-08-11-113057-1024x659.png 1024w\" src=\"https:\/\/atelierdelaforetdehez.fr\/wp-content\/uploads\/2024\/10\/Capture-decran-2023-08-11-113057-1024x659.png\" data-img-src=\"https:\/\/atelierdelaforetdehez.fr\/wp-content\/uploads\/2024\/10\/Capture-decran-2023-08-11-113057.png\" alt=\"\" title=\"Capture d'\u00e9cran 2023-08-11 113057\" \/><\/div><\/div><figcaption hidden=\"\"><\/figcaption><\/figure><\/div><\/div><div class=\"vce-text-block\"><div class=\"vce-text-block-wrapper vce\" id=\"el-040997ff\" data-vce-do-apply=\"all el-040997ff\"><p style=\"text-align: center;\"><span style=\"font-family: 'Libre Baskerville'; font-size: 16pt;\">R\u00e9novation sur une paire de fusils li\u00e8geois calibre 20<\/span><\/p><\/div><\/div><div class=\"vce-single-image-container vce-single-image--align-center\"><div class=\"vce vce-single-image-wrapper\" id=\"el-640f256e\" data-vce-do-apply=\"all el-640f256e\"><figure><div class=\"vce-single-image-figure-inner\" style=\"width: 1024px;\"><div class=\"vce-single-image-inner vce-single-image--absolute\" style=\"width: 100%; padding-bottom: 46.0938%;\"><img loading=\"lazy\" decoding=\"async\" class=\"vce-single-image\"  width=\"1024\" height=\"472\" srcset=\"https:\/\/atelierdelaforetdehez.fr\/wp-content\/uploads\/2024\/10\/457220446_501258942852735_5061454170891962936_n-320x148.jpg 320w,https:\/\/atelierdelaforetdehez.fr\/wp-content\/uploads\/2024\/10\/457220446_501258942852735_5061454170891962936_n-480x221.jpg 480w,https:\/\/atelierdelaforetdehez.fr\/wp-content\/uploads\/2024\/10\/457220446_501258942852735_5061454170891962936_n-800x369.jpg 800w,https:\/\/atelierdelaforetdehez.fr\/wp-content\/uploads\/2024\/10\/457220446_501258942852735_5061454170891962936_n-1024x472.jpg 1024w\" src=\"https:\/\/atelierdelaforetdehez.fr\/wp-content\/uploads\/2024\/10\/457220446_501258942852735_5061454170891962936_n-1024x472.jpg\" data-img-src=\"https:\/\/atelierdelaforetdehez.fr\/wp-content\/uploads\/2024\/10\/457220446_501258942852735_5061454170891962936_n.jpg\" alt=\"\" title=\"457220446_501258942852735_5061454170891962936_n\" \/><\/div><\/div><figcaption hidden=\"\"><\/figcaption><\/figure><\/div><\/div><div class=\"vce-text-block\"><div class=\"vce-text-block-wrapper vce\" id=\"el-fcf9b294\" data-vce-do-apply=\"all el-fcf9b294\"><p style=\"text-align: center;\"><span style=\"font-size: 16pt; font-family: 'Libre Baskerville';\">R\u00e9novation sur une paire de fusils espagnols calibre 20<\/span><\/p><\/div><\/div><div class=\"vce-single-image-container vce-single-image--align-center\"><div class=\"vce vce-single-image-wrapper\" id=\"el-f9600fc9\" data-vce-do-apply=\"all el-f9600fc9\"><figure><div class=\"vce-single-image-figure-inner\" style=\"width: 1024px;\"><div class=\"vce-single-image-inner vce-single-image--absolute\" style=\"width: 100%; padding-bottom: 46.0938%;\"><img loading=\"lazy\" decoding=\"async\" class=\"vce-single-image\"  width=\"1024\" height=\"472\" srcset=\"https:\/\/atelierdelaforetdehez.fr\/wp-content\/uploads\/2024\/10\/462542594_504551559085823_6625702179590098552_n-rotated-320x148.jpg 320w,https:\/\/atelierdelaforetdehez.fr\/wp-content\/uploads\/2024\/10\/462542594_504551559085823_6625702179590098552_n-rotated-480x221.jpg 480w,https:\/\/atelierdelaforetdehez.fr\/wp-content\/uploads\/2024\/10\/462542594_504551559085823_6625702179590098552_n-rotated-800x369.jpg 800w,https:\/\/atelierdelaforetdehez.fr\/wp-content\/uploads\/2024\/10\/462542594_504551559085823_6625702179590098552_n-rotated-1024x472.jpg 1024w\" src=\"https:\/\/atelierdelaforetdehez.fr\/wp-content\/uploads\/2024\/10\/462542594_504551559085823_6625702179590098552_n-rotated-1024x472.jpg\" data-img-src=\"https:\/\/atelierdelaforetdehez.fr\/wp-content\/uploads\/2024\/10\/462542594_504551559085823_6625702179590098552_n-rotated.jpg\" alt=\"\" title=\"462542594_504551559085823_6625702179590098552_n\" \/><\/div><\/div><figcaption hidden=\"\"><\/figcaption><\/figure><\/div><\/div><div class=\"vce-text-block\"><div class=\"vce-text-block-wrapper vce\" id=\"el-e7fae512\" data-vce-do-apply=\"all el-e7fae512\"><p style=\"text-align: center;\"><span style=\"font-family: 'Libre Baskerville'; font-size: 16pt;\">Nettoyage et R\u00e9vision sur fusil Holland &amp; Holland calibre 12 de 1922<\/span><\/p><\/div><\/div><div class=\"vce-single-image-container vce-single-image--align-center\"><div class=\"vce vce-single-image-wrapper\" id=\"el-22ba6040\" data-vce-do-apply=\"all el-22ba6040\"><figure><div class=\"vce-single-image-figure-inner\" style=\"width: 1024px;\"><div class=\"vce-single-image-inner vce-single-image--absolute vce-single-image--border-rounded\" style=\"width: 100%; padding-bottom: 47.9492%;\"><img loading=\"lazy\" decoding=\"async\" class=\"vce-single-image\"  width=\"1024\" height=\"491\" srcset=\"https:\/\/atelierdelaforetdehez.fr\/wp-content\/uploads\/2024\/10\/merkel-antho-320x153.jpg 320w,https:\/\/atelierdelaforetdehez.fr\/wp-content\/uploads\/2024\/10\/merkel-antho-480x230.jpg 480w,https:\/\/atelierdelaforetdehez.fr\/wp-content\/uploads\/2024\/10\/merkel-antho-800x384.jpg 800w,https:\/\/atelierdelaforetdehez.fr\/wp-content\/uploads\/2024\/10\/merkel-antho-1024x491.jpg 1024w\" src=\"https:\/\/atelierdelaforetdehez.fr\/wp-content\/uploads\/2024\/10\/merkel-antho-1024x491.jpg\" data-img-src=\"https:\/\/atelierdelaforetdehez.fr\/wp-content\/uploads\/2024\/10\/merkel-antho.jpg\" alt=\"\" title=\"merkel antho\" \/><\/div><\/div><figcaption hidden=\"\"><\/figcaption><\/figure><\/div><\/div><div class=\"vce-text-block\"><div class=\"vce-text-block-wrapper vce\" id=\"el-6f327f65\" data-vce-do-apply=\"all el-6f327f65\"><p style=\"text-align: center;\"><span style=\"font-size: 16pt; font-family: 'Libre Baskerville';\">Changement de levier d'armement sur carabine Merkel RX Helix&nbsp;<\/span><\/p><\/div><\/div><div class=\"vce-single-image-container vce-single-image--align-center\"><div class=\"vce vce-single-image-wrapper\" id=\"el-83175818\" data-vce-do-apply=\"all el-83175818\"><figure><div class=\"vce-single-image-figure-inner\" style=\"width: 1024px;\"><div class=\"vce-single-image-inner vce-single-image--absolute\" style=\"width: 100%; padding-bottom: 46.0938%;\"><img loading=\"lazy\" decoding=\"async\" class=\"vce-single-image\"  width=\"1024\" height=\"472\" srcset=\"https:\/\/atelierdelaforetdehez.fr\/wp-content\/uploads\/2024\/10\/montage-lunette-et-busc-320x148.jpg 320w,https:\/\/atelierdelaforetdehez.fr\/wp-content\/uploads\/2024\/10\/montage-lunette-et-busc-480x221.jpg 480w,https:\/\/atelierdelaforetdehez.fr\/wp-content\/uploads\/2024\/10\/montage-lunette-et-busc-800x369.jpg 800w,https:\/\/atelierdelaforetdehez.fr\/wp-content\/uploads\/2024\/10\/montage-lunette-et-busc-1024x472.jpg 1024w\" src=\"https:\/\/atelierdelaforetdehez.fr\/wp-content\/uploads\/2024\/10\/montage-lunette-et-busc-1024x472.jpg\" data-img-src=\"https:\/\/atelierdelaforetdehez.fr\/wp-content\/uploads\/2024\/10\/montage-lunette-et-busc.jpg\" alt=\"\" title=\"montage lunette et busc\" \/><\/div><\/div><figcaption hidden=\"\"><\/figcaption><\/figure><\/div><\/div><div class=\"vce-text-block\"><div class=\"vce-text-block-wrapper vce\" id=\"el-9ed30f9d\" data-vce-do-apply=\"all el-9ed30f9d\"><p style=\"text-align: center;\"><span style=\"font-size: 16pt; font-family: 'Libre Baskerville';\">Montage d'une lunette d'aff\u00fbt et d'un busc sur carabine Franchi calibre 30-06<\/span><\/p><\/div><\/div><div class=\"vce-single-image-container vce-single-image--align-center\"><div class=\"vce vce-single-image-wrapper\" id=\"el-0ae1b799\" data-vce-do-apply=\"all el-0ae1b799\"><figure><div class=\"vce-single-image-figure-inner\" style=\"width: 1024px;\"><div class=\"vce-single-image-inner vce-single-image--absolute\" style=\"width: 100%; padding-bottom: 46.0938%;\"><img loading=\"lazy\" decoding=\"async\" class=\"vce-single-image\"  width=\"1024\" height=\"472\" srcset=\"https:\/\/atelierdelaforetdehez.fr\/wp-content\/uploads\/2024\/10\/462312769_546687381244798_6602786217975340858_n-320x148.jpg 320w,https:\/\/atelierdelaforetdehez.fr\/wp-content\/uploads\/2024\/10\/462312769_546687381244798_6602786217975340858_n-480x221.jpg 480w,https:\/\/atelierdelaforetdehez.fr\/wp-content\/uploads\/2024\/10\/462312769_546687381244798_6602786217975340858_n-800x369.jpg 800w,https:\/\/atelierdelaforetdehez.fr\/wp-content\/uploads\/2024\/10\/462312769_546687381244798_6602786217975340858_n-1024x472.jpg 1024w\" src=\"https:\/\/atelierdelaforetdehez.fr\/wp-content\/uploads\/2024\/10\/462312769_546687381244798_6602786217975340858_n-1024x472.jpg\" data-img-src=\"https:\/\/atelierdelaforetdehez.fr\/wp-content\/uploads\/2024\/10\/462312769_546687381244798_6602786217975340858_n.jpg\" alt=\"\" title=\"462312769_546687381244798_6602786217975340858_n\" \/><\/div><\/div><figcaption hidden=\"\"><\/figcaption><\/figure><\/div><\/div><div class=\"vce-text-block\"><div class=\"vce-text-block-wrapper vce\" id=\"el-21d0890c\" data-vce-do-apply=\"all el-21d0890c\"><p style=\"text-align: center;\"><span style=\"font-family: 'Libre Baskerville'; font-size: 16pt;\">Montage d'organes de vis\u00e9es sur une Browning Bar MK3&nbsp;<\/span><\/p><\/div><\/div><\/div><\/div><\/div><\/div><\/div><\/div><div class=\"vce-row-container\" data-vce-boxed-width=\"true\"><div class=\"vce-row vce-row--col-gap-30 vce-row-equal-height vce-row-content--top\" id=\"el-bc4d6101\" data-vce-do-apply=\"all el-bc4d6101\"><div class=\"vce-row-content\" data-vce-element-content=\"true\"><div class=\"vce-col vce-col--md-auto vce-col--xs-1 vce-col--xs-last vce-col--xs-first vce-col--sm-last vce-col--sm-first vce-col--md-last vce-col--lg-last vce-col--xl-last vce-col--md-first vce-col--lg-first vce-col--xl-first\" id=\"el-bb3d21c8\"><div class=\"vce-col-inner\" data-vce-do-apply=\"border margin background  el-bb3d21c8\"><div class=\"vce-col-content\" data-vce-element-content=\"true\" data-vce-do-apply=\"padding el-bb3d21c8\"><div class=\"vce-text-block\"><div class=\"vce-text-block-wrapper vce\" id=\"el-c4e0fc78\" data-vce-do-apply=\"all el-c4e0fc78\"><h2 style=\"text-align: center;\"><span style=\"font-family: 'Libre Baskerville';\">Uniquement sur Rendez-vous<\/span><\/h2><p style=\"text-align: center;\"><a href=\"https:\/\/www.google.com\/maps\/place\/Atelier+de+la+For%C3%AAt+de+Hez\/@49.3652072,2.3598652,12z\/data=!4m6!3m5!1s0x5198088033c561d:0xe2894b3953d70c1f!8m2!3d49.4033998!4d2.3290515!16s%2Fg%2F11t0rkv8fx?entry=ttu&amp;g_ep=EgoyMDI0MTAwOC4wIKXMDSoASAFQAw%3D%3D\"><strong><span style=\"font-family: 'Libre Baskerville';\">\u2709 Adresse : 14 Rue du clos \u00e0 boeuf 60510 La Neuville en Hez<\/span><\/strong><\/a><\/p><p style=\"text-align: center;\"><span style=\"font-family: 'Libre Baskerville';\">\ud83d\udce7 Mail : afh<span style=\"font-size: 12pt;\">60510<\/span>@gmail.com<\/span><\/p><p style=\"text-align: center;\"><span style=\"font-family: 'Libre Baskerville';\">\ud83d\udcde T\u00e9l\u00e9phones : <br>06 48 05 91 02<br>09 51 02 96 00<\/span><\/p><\/div><\/div><\/div><\/div><\/div><\/div><\/div><\/div><div class=\"vce-row-container\" data-vce-boxed-width=\"true\"><div class=\"vce-row vce-row--col-gap-30 vce-row-equal-height vce-row-content--top\" id=\"el-932b33f2\" data-vce-do-apply=\"all el-932b33f2\"><div class=\"vce-row-content\" data-vce-element-content=\"true\"><div class=\"vce-col vce-col--md-auto vce-col--xs-1 vce-col--xs-last vce-col--xs-first vce-col--sm-last vce-col--sm-first vce-col--md-first vce-col--lg-first vce-col--xl-first\" id=\"el-1591d9ef\"><div class=\"vce-col-inner\" data-vce-do-apply=\"border margin background  el-1591d9ef\"><div class=\"vce-col-content\" data-vce-element-content=\"true\" data-vce-do-apply=\"padding el-1591d9ef\"><div class=\"vce-button--style-basic-container vce-button--style-basic-container--align-center\"><span class=\"vce-button--style-basic-wrapper vce\" id=\"el-a8f8604e\" data-vce-do-apply=\"margin el-a8f8604e\"><a class=\"vce-button vce-button--style-basic vce-button--style-basic--border-square vce-button--style-basic--size-large vce-button--style-basic--color-557cbf--fff\" href=\"https:\/\/www.facebook.com\/profile.php?id=100057486488270\" title=\"\" data-vce-do-apply=\"padding border background  el-a8f8604e\">Facebook Atelier de la For\u00eat de Hez<\/a><\/span><\/div><\/div><\/div><\/div><div class=\"vce-col vce-col--md-auto vce-col--xs-1 vce-col--xs-last vce-col--xs-first vce-col--sm-last vce-col--sm-first vce-col--md-last vce-col--lg-last vce-col--xl-last\" id=\"el-768a3288\"><div class=\"vce-col-inner\" data-vce-do-apply=\"border margin background  el-768a3288\"><div class=\"vce-col-content\" data-vce-element-content=\"true\" data-vce-do-apply=\"padding el-768a3288\"><div class=\"vce-button--style-outline-container vce-button--style-outline-container--align-center\"><span class=\"vce-button--style-outline-wrapper vce vce-button--style-outline-wrapper--stretched\" id=\"el-6750cea4\" data-vce-do-apply=\"margin el-6750cea4\"><a class=\"vce-button vce-button--style-outline vce-button--style-outline--border-rounded vce-button--style-outline--size-large vce-button--style-outline--color-e3e3e3--fff--b-61-61-61 vce-button--style-outline--border-color-e3e3e3--3d3d3d vce-button--style-outline--background-color-3d3d3d\" href=\"https:\/\/www.instagram.com\/atelierdelaforetdehez\/\" title=\"\" data-vce-do-apply=\"padding border background  el-6750cea4\"><span class=\"vce-button--style-outline-text\">Instagram Atelier de la For\u00eat de Hez<\/span><\/a><\/span><\/div><\/div><\/div><\/div><\/div><\/div><\/div>\n","protected":false},"excerpt":{"rendered":"<p>D\u00e9couvrez l\u2019atelier de Quentin, artisan armurier \u00e0 La Neuville-en-Hez, o\u00f9 passion et savoir-faire se rencontrent.&nbsp; Je vous propose&nbsp;des services tels que le montage et r\u00e9glage d\u2019optique, r\u00e9parations, remise en \u00e9tat, nettoyage, r\u00e9vision, mise \u00e0 conformit\u00e9, ponc\u00e9-huil\u00e9, bronzage, montage \u00e0 bois, quadrillage et gravure. Je vous accueille sur rendez vous uniquement pour partager mon expertise en [&hellip;]<\/p>\n","protected":false},"author":2,"featured_media":0,"parent":0,"menu_order":0,"comment_status":"closed","ping_status":"closed","template":"","meta":{"footnotes":""},"class_list":["post-196","page","type-page","status-publish","hentry"],"yoast_head":"<!-- This site is optimized with the Yoast SEO plugin v24.3 - https:\/\/yoast.com\/wordpress\/plugins\/seo\/ -->\n<title>Atelier - Atelier de la for\u00eat de Hez<\/title>\n<meta name=\"robots\" content=\"index, follow, max-snippet:-1, max-image-preview:large, max-video-preview:-1\" \/>\n<link rel=\"canonical\" href=\"https:\/\/atelierdelaforetdehez.fr\/?page_id=196\" \/>\n<meta property=\"og:locale\" content=\"fr_FR\" \/>\n<meta property=\"og:type\" content=\"article\" \/>\n<meta property=\"og:title\" content=\"Atelier - Atelier de la for\u00eat de Hez\" \/>\n<meta property=\"og:description\" content=\"D\u00e9couvrez l\u2019atelier de Quentin, artisan armurier \u00e0 La Neuville-en-Hez, o\u00f9 passion et savoir-faire se rencontrent.&nbsp; Je vous propose&nbsp;des services tels que le montage et r\u00e9glage d\u2019optique, r\u00e9parations, remise en \u00e9tat, nettoyage, r\u00e9vision, mise \u00e0 conformit\u00e9, ponc\u00e9-huil\u00e9, bronzage, montage \u00e0 bois, quadrillage et gravure. Je vous accueille sur rendez vous uniquement pour partager mon expertise en [&hellip;]\" \/>\n<meta property=\"og:url\" content=\"https:\/\/atelierdelaforetdehez.fr\/?page_id=196\" \/>\n<meta property=\"og:site_name\" content=\"Atelier de la for\u00eat de Hez\" \/>\n<meta property=\"article:publisher\" content=\"https:\/\/www.facebook.com\/profile.php?id=100057486488270\" \/>\n<meta property=\"article:modified_time\" content=\"2024-10-18T17:41:52+00:00\" \/>\n<meta name=\"twitter:card\" content=\"summary_large_image\" \/>\n<meta name=\"twitter:label1\" content=\"Dur\u00e9e de lecture estim\u00e9e\" \/>\n\t<meta name=\"twitter:data1\" content=\"1 minute\" \/>\n<script type=\"application\/ld+json\" class=\"yoast-schema-graph\">{\"@context\":\"https:\/\/schema.org\",\"@graph\":[{\"@type\":\"WebPage\",\"@id\":\"https:\/\/atelierdelaforetdehez.fr\/?page_id=196\",\"url\":\"https:\/\/atelierdelaforetdehez.fr\/?page_id=196\",\"name\":\"Atelier - Atelier de la for\u00eat de Hez\",\"isPartOf\":{\"@id\":\"https:\/\/atelierdelaforetdehez.fr\/#website\"},\"datePublished\":\"2022-03-20T17:40:24+00:00\",\"dateModified\":\"2024-10-18T17:41:52+00:00\",\"breadcrumb\":{\"@id\":\"https:\/\/atelierdelaforetdehez.fr\/?page_id=196#breadcrumb\"},\"inLanguage\":\"fr-FR\",\"potentialAction\":[{\"@type\":\"ReadAction\",\"target\":[\"https:\/\/atelierdelaforetdehez.fr\/?page_id=196\"]}]},{\"@type\":\"BreadcrumbList\",\"@id\":\"https:\/\/atelierdelaforetdehez.fr\/?page_id=196#breadcrumb\",\"itemListElement\":[{\"@type\":\"ListItem\",\"position\":1,\"name\":\"Accueil\",\"item\":\"https:\/\/atelierdelaforetdehez.fr\/\"},{\"@type\":\"ListItem\",\"position\":2,\"name\":\"Atelier\"}]},{\"@type\":\"WebSite\",\"@id\":\"https:\/\/atelierdelaforetdehez.fr\/#website\",\"url\":\"https:\/\/atelierdelaforetdehez.fr\/\",\"name\":\"Atelier de la for\u00eat de Hez\",\"description\":\"Armurerie dans l&#039;Oise\",\"publisher\":{\"@id\":\"https:\/\/atelierdelaforetdehez.fr\/#organization\"},\"potentialAction\":[{\"@type\":\"SearchAction\",\"target\":{\"@type\":\"EntryPoint\",\"urlTemplate\":\"https:\/\/atelierdelaforetdehez.fr\/?s={search_term_string}\"},\"query-input\":{\"@type\":\"PropertyValueSpecification\",\"valueRequired\":true,\"valueName\":\"search_term_string\"}}],\"inLanguage\":\"fr-FR\"},{\"@type\":\"Organization\",\"@id\":\"https:\/\/atelierdelaforetdehez.fr\/#organization\",\"name\":\"Atelier de la For\u00eat de Hez\",\"url\":\"https:\/\/atelierdelaforetdehez.fr\/\",\"logo\":{\"@type\":\"ImageObject\",\"inLanguage\":\"fr-FR\",\"@id\":\"https:\/\/atelierdelaforetdehez.fr\/#\/schema\/logo\/image\/\",\"url\":\"https:\/\/atelierdelaforetdehez.fr\/wp-content\/uploads\/2022\/06\/Capture-e1654441375318.png\",\"contentUrl\":\"https:\/\/atelierdelaforetdehez.fr\/wp-content\/uploads\/2022\/06\/Capture-e1654441375318.png\",\"width\":586,\"height\":588,\"caption\":\"Atelier de la For\u00eat de Hez\"},\"image\":{\"@id\":\"https:\/\/atelierdelaforetdehez.fr\/#\/schema\/logo\/image\/\"},\"sameAs\":[\"https:\/\/www.facebook.com\/profile.php?id=100057486488270\"]}]}<\/script>\n<!-- \/ Yoast SEO plugin. -->","yoast_head_json":{"title":"Atelier - Atelier de la for\u00eat de Hez","robots":{"index":"index","follow":"follow","max-snippet":"max-snippet:-1","max-image-preview":"max-image-preview:large","max-video-preview":"max-video-preview:-1"},"canonical":"https:\/\/atelierdelaforetdehez.fr\/?page_id=196","og_locale":"fr_FR","og_type":"article","og_title":"Atelier - Atelier de la for\u00eat de Hez","og_description":"D\u00e9couvrez l\u2019atelier de Quentin, artisan armurier \u00e0 La Neuville-en-Hez, o\u00f9 passion et savoir-faire se rencontrent.&nbsp; Je vous propose&nbsp;des services tels que le montage et r\u00e9glage d\u2019optique, r\u00e9parations, remise en \u00e9tat, nettoyage, r\u00e9vision, mise \u00e0 conformit\u00e9, ponc\u00e9-huil\u00e9, bronzage, montage \u00e0 bois, quadrillage et gravure. Je vous accueille sur rendez vous uniquement pour partager mon expertise en [&hellip;]","og_url":"https:\/\/atelierdelaforetdehez.fr\/?page_id=196","og_site_name":"Atelier de la for\u00eat de Hez","article_publisher":"https:\/\/www.facebook.com\/profile.php?id=100057486488270","article_modified_time":"2024-10-18T17:41:52+00:00","twitter_card":"summary_large_image","twitter_misc":{"Dur\u00e9e de lecture estim\u00e9e":"1 minute"},"schema":{"@context":"https:\/\/schema.org","@graph":[{"@type":"WebPage","@id":"https:\/\/atelierdelaforetdehez.fr\/?page_id=196","url":"https:\/\/atelierdelaforetdehez.fr\/?page_id=196","name":"Atelier - Atelier de la for\u00eat de Hez","isPartOf":{"@id":"https:\/\/atelierdelaforetdehez.fr\/#website"},"datePublished":"2022-03-20T17:40:24+00:00","dateModified":"2024-10-18T17:41:52+00:00","breadcrumb":{"@id":"https:\/\/atelierdelaforetdehez.fr\/?page_id=196#breadcrumb"},"inLanguage":"fr-FR","potentialAction":[{"@type":"ReadAction","target":["https:\/\/atelierdelaforetdehez.fr\/?page_id=196"]}]},{"@type":"BreadcrumbList","@id":"https:\/\/atelierdelaforetdehez.fr\/?page_id=196#breadcrumb","itemListElement":[{"@type":"ListItem","position":1,"name":"Accueil","item":"https:\/\/atelierdelaforetdehez.fr\/"},{"@type":"ListItem","position":2,"name":"Atelier"}]},{"@type":"WebSite","@id":"https:\/\/atelierdelaforetdehez.fr\/#website","url":"https:\/\/atelierdelaforetdehez.fr\/","name":"Atelier de la for\u00eat de Hez","description":"Armurerie dans l&#039;Oise","publisher":{"@id":"https:\/\/atelierdelaforetdehez.fr\/#organization"},"potentialAction":[{"@type":"SearchAction","target":{"@type":"EntryPoint","urlTemplate":"https:\/\/atelierdelaforetdehez.fr\/?s={search_term_string}"},"query-input":{"@type":"PropertyValueSpecification","valueRequired":true,"valueName":"search_term_string"}}],"inLanguage":"fr-FR"},{"@type":"Organization","@id":"https:\/\/atelierdelaforetdehez.fr\/#organization","name":"Atelier de la For\u00eat de Hez","url":"https:\/\/atelierdelaforetdehez.fr\/","logo":{"@type":"ImageObject","inLanguage":"fr-FR","@id":"https:\/\/atelierdelaforetdehez.fr\/#\/schema\/logo\/image\/","url":"https:\/\/atelierdelaforetdehez.fr\/wp-content\/uploads\/2022\/06\/Capture-e1654441375318.png","contentUrl":"https:\/\/atelierdelaforetdehez.fr\/wp-content\/uploads\/2022\/06\/Capture-e1654441375318.png","width":586,"height":588,"caption":"Atelier de la For\u00eat de Hez"},"image":{"@id":"https:\/\/atelierdelaforetdehez.fr\/#\/schema\/logo\/image\/"},"sameAs":["https:\/\/www.facebook.com\/profile.php?id=100057486488270"]}]}},"jetpack_sharing_enabled":true,"_links":{"self":[{"href":"https:\/\/atelierdelaforetdehez.fr\/index.php?rest_route=\/wp\/v2\/pages\/196","targetHints":{"allow":["GET"]}}],"collection":[{"href":"https:\/\/atelierdelaforetdehez.fr\/index.php?rest_route=\/wp\/v2\/pages"}],"about":[{"href":"https:\/\/atelierdelaforetdehez.fr\/index.php?rest_route=\/wp\/v2\/types\/page"}],"author":[{"embeddable":true,"href":"https:\/\/atelierdelaforetdehez.fr\/index.php?rest_route=\/wp\/v2\/users\/2"}],"replies":[{"embeddable":true,"href":"https:\/\/atelierdelaforetdehez.fr\/index.php?rest_route=%2Fwp%2Fv2%2Fcomments&post=196"}],"version-history":[{"count":19,"href":"https:\/\/atelierdelaforetdehez.fr\/index.php?rest_route=\/wp\/v2\/pages\/196\/revisions"}],"predecessor-version":[{"id":1212,"href":"https:\/\/atelierdelaforetdehez.fr\/index.php?rest_route=\/wp\/v2\/pages\/196\/revisions\/1212"}],"wp:attachment":[{"href":"https:\/\/atelierdelaforetdehez.fr\/index.php?rest_route=%2Fwp%2Fv2%2Fmedia&parent=196"}],"curies":[{"name":"wp","href":"https:\/\/api.w.org\/{rel}","templated":true}]}}